 -4 + 5 + 0 + -2?
-1
What is the value of 1 + -3 - -6 - 3?
1
-6 + (2 - (-4 - (-6 + 3)))
-3
Evaluate (0 + -2 - (-1 + -4)) + -1.
2
What is 2 + -2 + -6 + 2 + 1?
-3
Evaluate -9 + 7 + -1 + 4.
1
Calculate 3 - (-1 + 2 + 0).
2
Calculate -9 + (7 - 2) - -3.
-1
Evaluate -7 + -2 + 6 + 1.
-2
Evaluate (-1 - -1) + (13 - 16) - 0.
-3
7 + -6 + -5 + 14 + -5
5
What is 4 - (6 + (-5 - -2))?
1
Evaluate -3 + (11 + -16 - (1 + -1)).
-8
What is (-34 + 30 - (1 - 1)) + 3?
-1
5 + (-1 - (-2 - -8))
-2
(-2 - 2) + 1 - (-1 - 1)
-1
Evaluate (-6 - -14 - 4) + -4.
0
-11 + 3 - -9 - 4
-3
Evaluate (8 - 0) + -1 + -5 + 5.
7
1 - 3 - -10 - (-27 - -33)
2
What is the value of 14 - (-11 + 23 - 6)?
8
Calculate 22 - 25 - (-3 + 2).
-2
Evaluate 3 + -4 - (2 - 0).
-3
What is 4 - (-5 + (10 - 3))?
2
Calculate 8 + (4 - 7) + 0 + 0.
5
0 + 7 + 0 + (0 - 3)
4
Evaluate -22 - -10 - -28 - 12.
4
What is the value of (0 - -4 - 6) + 2?
0
Calculate (-4 - -3) + -1 + 2.
0
Evaluate 0 - (-2 + 10 - (7 + -2)).
-3
What is 6 + (-5 - -1) - 2?
0
What is the value of 9 + -6 + (9 - 4)?
8
What is ((-6 - -4) + -4 - -1) + 3?
-2
Calculate 0 - 5 - (1 + (-5 - -4)).
-5
What is the value of 3 + 3 + 4 + (-3 - 13)?
-6
0 - (0 + (-1 + 2 - 0))
-1
Calculate 18 - 10 - 7 - (6 - 1).
-4
What is the value of -1 - 0 - 1 - (-196 - -193)?
1
Calculate (7 - (24 + -6)) + 3.
-8
Calculate 0 + (-1 + -2 - (-7 + 4)).
0
(-10 - -22) + (4 - 16)
0
Evaluate 1 + (6 - 10) + (-1 - -1).
-3
What is -5 + (12 - (-6 - -10)) + -6?
-3
Evaluate (19 - 14) + -1 + -6.
-2
(-10 - -7 - 0) + -5 + 1
-7
Evaluate -2 + (8 - 9 - -7).
4
64 + -65 - (0 - -2)
-3
What is the value of 18 + -15 + (3 - (0 - -1))?
5
-1 - ((-19 - -7) + 6 + 4)
1
Calculate -3 + 5 + -8 - (2 + -1).
-7
What is -6 + 1 + (-7 - (-4 + -3))?
-5
Calculate -1 - -2 - (-4 + (-19 - -31)).
-7
What is (3 + -3 - 0) + 0 + 3?
3
0 + -1 - (-2 + 1 + 3)
-3
What is 2 - 5 - (5 - 13 - -6)?
-1
What is the value of -7 + (4 - (6 + -5))?
-4
Calculate -2 + -4 + 6 + -3 - 2.
-5
What is 0 + -10 + 8 + (0 - -5)?
3
3 - (-2 - 1) - (21 + -8)
-7
What is 10 - (7 + 5 + -6)?
4
What is the value of 1 + -9 + (0 - -8)?
0
What is the value of (6 + -14 - -7) + 1 + 2?
2
What is the value of (-1 - 6) + (31 - 27)?
-3
Calculate -1 + 4 + -8 + 12 + -1.
6
What is the value of -2 - -6 - (10 - 8)?
2
Calculate 4 - (-4 - (0 + (2 - 8))).
2
What is the value of 4 + 1 + -8 - 0?
-3
(1 - 11 - -17) + -3 + 0
4
Evaluate (2 - 2) + -5 + 5.
0
Calculate -5 + 0 - (4 - 5 - 0).
-4
Calculate (-6 + 17 + -4 - 13) + -5.
-11
Calculate 5 + (4 - 8) - 13 - -7.
-5
What is 8 + (3 - 0 - 8)?
3
What is 8 + (-11 - -10) - -1?
8
Evaluate (-2 - (-6 - (-2 - -1))) + -7.
-4
Calculate (4 + -1 - (1 + 1)) + 4.
5
Calculate -7 + 3 + -1 + 5.
0
What is -4 + 7 + 7 + -6?
4
Calculate (4 - 8) + 8 + -1 + -4.
-1
What is -3 + 6 + -9 + 1 + 0?
-5
Evaluate 8 - 6 - (5 + -5).
2
What is the value of -36 + 40 - (0 - -3)?
1
Calculate -2 + (-1 - 0) - (-12 - -8).
1
Calculate -1 + (-3 - -3) + 0 - -2.
1
-2 - (-2 + 2 + 2)
-4
Calculate (0 - (-3 - -1) - -1) + -3.
0
What is the value of 0 - 1 - (2 + 6 + -11)?
2
What is (-10 - ((6 - 13) + 0)) + 11?
8
(0 - -6 - 4) + -5 + -2
-5
10 + -13 + 1 + 3
1
What is 5 + (-1 - 2) - (0 + 3)?
-1
Calculate 5 + (2 + -5 - 1).
1
3 + (-1 - (-3 + 2)) + -5
-2
What is the value of -1 + (1 - 4) + -1?
-5
What is the value of -4 + (7 - (4 + -4 - -4))?
-1
What is 1 + 0 - (4 + -5 - -7)?
-5
What is the value of 1 + 2 + -5 + 7?
5
What is 4 - (-7 - -3) - 5?
3
What is 2 + (-3 + -2 - 2)?
-5
Calculate -5 + 1 - 1 - -11.
6
Evaluate 1 + (-1 - -3) + -1.
2
Calculate (4 - 6) + -2 - -1.
-3
What is 3 + -20 + (-9 - -21)?
-5
Calculate -4 - 1 - (-4 - -3).
-4
Calculate 5 + -12 + (4 - -1) - -1.
-1
(-4 - -6) + 6 - 1
7
Evaluate (1 - (7 + -3)) + 10 + -1.
6
-2 + 8 + -4 + -1 - 1
0
Calculate 1 + -1 + (21 - 22).
-1
What is -4 + -4 + 6 - (-5 - -1)?
2
Evaluate 9 + (-1 - 0) + (22 - 26).
4
0 + 1 + 5 + -4 - 9
-7
2 + 0 + 4 + -3
3
What is -23 + 22 - (1 + -3)?
1
Calculate (-3 - 2) + 5 + -1.
-1
Evaluate (1 - 1) + (-74 - -69).
-5
What is the value of 3 - (0 - 6) - (13 + -2)?
-2
What is the value of -2 + -1 - (4 - (-4 + 8))?
-3
What is (2 + 0 - 1) + 0?
1
-5 + (6 - (8 + -3) - -1)
-3
Evaluate -3 + 1 - (-19 + 2 + 5).
10
Calculate 5 - (4 + (4 - 14) - -7).
4
Calculate -3 - ((-1 - 1) + 5 + -5).
-1
What is (0 - (-4 + (1 - 1))) + -2?
2
What is the value of -3 + -1 - -7 - 0?
3
-1 + (-3 - (-2 + -5))
3
What is the value of -3 - (-11 - (-9 - -5))?
4
What is the value of 5 + (2 + 5 - 13 - -6)?
5
What is the value of (5 - (11 - 14)) + 2?
10
Evaluate 5 + (1 + -2 - (-6 + 13)).
-3
Calculate 0 + (3 - (3 + -3)) + 0.
3
Calculate -52 - -59 - (-1 + 5 + -1).
4
Calculate -15 + 38 + -19 - (4 - 0).
0
What is the value of 351 - 347 - (1 - (-5 + 0))?
-2
What is the value of 0 + (-1 - (2 + 1))?
-4
Evaluate 7 + 4 + -9 - (-2 - 1).
5
What is the value of -13 + 8 - 1 - -2?
-4
Evaluate (1 - -1) + 4 - (10 + 1).
-5
Evaluate -3 + (9 - 5) + -2 + 1.
0
What is -11 - (-6 + -1) - -7?
3
Evaluate -4 - (-5 - -2) - 0.
-1
3 + 7 + -2 + -9
-1
What is (2 - (-2 - (2 + -6))) + 7?
7
Evaluate -2 + 0 - (5 + 4 + -6).
-5
4 - (-6 + 2 + 9)
-1
Evaluate (-4 - -6) + -4 + 6.
4
What is the value of 8 - 8 - (1 - 3)?
2
-47 - -34 - (0 + -5)
-8
What is the value of (-7 - -2) + 4 - (1 - 0)?
-2
Calculate -3 + (-2 - (-1 + -9 + 5)).
0
What is the value of -2 + 1 - (3 - -1)?
-5
Evaluate -7 + -3 + 6 + 5.
1
What is -11 + 10 + -15 - -10?
-6
Evaluate -1 - -3 - 2 - (5 - 2).
-3
What is the value of -3 + (4 - (-1 + -5 + 10))?
-3
Calculate (-3 - -2) + 3 + 2.
4
What is 3 + (-2 - (6 + -3) - 0)?
-2
Evaluate (-5 - 0) + (8 - 0) - -1.
4
-7 + 0 - (0 + -5)
-2
What is 5 - (-3 - (-11 - -4))?
1
Calculate (5 + -13 - -2) + 3.
-3
Evaluate 5 + (-2 - 2) + 2.
3
(2 - (0 + -1)) + -2 + -2
-1
What is the value of -1 - (-2 - -1 - -2)?
-2
What is the value of -2 + -7 + 2 - (-1 - 4)?
-2
-4 + (18 - (9 - 1)) + -13
-7
(231 - 222) + -10 + -1
-2
Evaluate 0 + -3 + (1 - -1) + -2.
-3
Calculate 1 + (-4 - -5) + -6 + 3.
-1
What is -4 + -1 + (-4 - -8) + 3?
2
Calculate -13 + -2 + (0 - -8).
-7
-12 + (11 - (-3 - -7))
-5
What is the value of -3 - 6 - -6 - 0?
-3
Evaluate (1 - 2) + (5 - 6).
-2
What is the value of 5 + (4 - 11) - 5?
-7
What is the value of -4 + (3 - (4 - 9))?
4
What is the value of (-35 - -38) + (1 - 1) + 1?
4
Evaluate 5 + (2 - 3) + (-1 - 6).
-3
-5 + 8 + -7 + 0 - -1
-3
Evaluate (-1 - 1) + -1 - -6.
3
What is (4 + -3 + 3 - 4) + -1?
-1
Evaluate 7 + -22 + (-1 - -12).
-4
Evaluate -8 + 2 + (-20 + 16 - 0).
-10
What is the value of -1 + (-2 - (1 + -4) - 1)?
-1
Evaluate -8 - -12 - 2 - 1.
1
Calculate -7 - (-12 + 10 + -5).
0
What is the value of 0 + 1 + 1 - 5?
-3
Evaluate -2 - (-2 + -5 - -5 - -5).
-5
What is the value of 1 + (-1 - 6) - (-17 + 16)?
-5
2 + 7 - (-27 - -30)
6
Evaluate (8 - 2 - 10) + 5 + 5.
6
Evaluate (3 - (-2 + 10) - -11) + -3.
3
What is -5 - ((-3 - 2) + 3 + -8)?
5
-6 + -2 + 4 + 7
3
(-2 + 1 - -5) + -7 + 0
-3
What is the value of -69 + 90 + -9 + -1?
11
What is 0 - 3 - (48 - 43)?
-8
What is -6 - (-7 + 12 + -13 + 1)?
1
-4 + 1 - (2 - 7)
2
Calculate (-7 + 6 - 3) + 11 + -4.
3
Evaluate 2 + -5 - (-22 + 11 + 4).
4
Evaluate -7 - -6 - (1 + 0).
-2
5 + (-9 - 0) - -6
2
What is (0 - 1 - -1) + (1 - 3)?
-2
What is the value of 7 - 6 - (-1 - 1)?
3
What is the value of 1 - 4 - (-3 - -3)?
-3
0 + -1 + (6 - -2) + -2
5
Calculate 2 - (4 - (-4 + 3 + 3)).
0
Calculate -35 - -30 - (-1 - (2 - -2)).
0
(-4 - -5) + (-1 + 3 - -1)
4
Evaluate -3 - ((-2 - 6) + 1 + -3).
7
Evaluate 13 + (10 + -10 - 6).
7
Evaluate -5 + (0 + -4 - -8).
-1
4 + -2 + -3 + 7 + -14
-8
4 + (1 + -4 - 2) + 4
3
What is the value of -4 - (2 + -8 + -20 + 24)?
-2
Evaluate 13 - 11 - (-2 + 1).
3
What is the value of 2 + 4 + (-6 - 5)?
-5
(3 - 4 - 0) + 4 + 1
4
Evaluate -5 - (-10 + -7 + 7 + 4).
1
Calculate -2 + (-6 - -2 - (-3 + 1)).
-4
What is the value of -1 - 0 - (-11 + -7 - -12)?
5
What is the value of 4 + -13 - (-5 + -1 + 1)?
-4
Calculate (40 - 42) + (0 - -2).
0
(10 - 15) + 1 + 9
5
(9 - 9 - -2) + 5
7
Calculate (-3 + 4 - 2) + 5.
4
Calculate -4 - (-8 + 4 - -5 - 0).
-5
What is -4 + (-1 - -2) + -1?
-4
Evaluate -11 + (12 - (3 - 1)).
-1
What is the value of -3 + 0 - ((5 - 4) + -1)?
-3
Evaluate (3 - (4 - 1)) + -5.
-5
Evaluate 5 + 2 + 0 + -5.
2
1 - (1 + (3 - (2 - -4)))
3
What is the value of 3 - (5 + 1) - -1?
-2
Evaluate -2 - ((-4 - -1) + -1).
2
What is (1 - (-7 - -4 - 0)) + -4?
0
Evaluate 2 - 11 - (3 - 3).
-9
What is the